
21361 (base 8) to base 7
35036
What is 1134233 (base 5) in base 11?
14a17
Convert -2222120 (base 3) to base 4.
-201333
What is -2110202 (base 4) in base 6?
-112002
Convert 201100 (base 3) to base 4.
20022
-164 (base 9) to base 2
-10001011
Convert 5350 (base 7) to base 2.
11101101001
Convert -4388 (base 14) to base 13.
-541a
-2100 (base 5) to base 12
-1ab
-32311 (base 5) to base 14
-b38
What is 1465 (base 8) in base 9?
1112
What is 140 (base 11) in base 5?
1130
-3031 (base 5) to base 10
-391
Convert 11012111 (base 3) to base 8.
5770
Convert 63b (base 14) to base 7.
3404
1110101010000 (base 2) to base 7
30610
Convert 11101000 (base 2) to base 8.
350
What is 113 (base 14) in base 2?
11010101
What is 2442 (base 6) in base 7?
1520
Convert -872 (base 9) to base 6.
-3145
10003022 (base 4) to base 11
11509
What is 15114 (base 6) in base 7?
10030
1474 (base 8) to base 9
1120
-11100001110100 (base 2) to base 3
-201211021
Convert -4489 (base 15) to base 14.
-541b
What is -31156 (base 8) in base 10?
-12910
-355 (base 9) to base 5
-2133
What is -17107 (base 8) in base 4?
-1321013
140135 (base 6) to base 11
9866
Convert 109 (base 15) to base 11.
1a3
-10011000010 (base 2) to base 7
-3360
What is 1011000000111100 (base 2) in base 14?
12628
-101323 (base 5) to base 2
-110100001010
What is 3164 (base 14) in base 13?
3b51
-30330 (base 5) to base 3
-2200210
What is 13c (base 13) in base 11?
190
-7c4 (base 16) to base 11
-1548
Convert -2d00 (base 16) to base 12.
-6800
Convert -1299 (base 13) to base 10.
-2661
What is -157b0 (base 13) in base 16?
-9fa8
What is 55504 (base 6) in base 13?
36a9
70c0 (base 15) to base 7
126255
What is -101010011111110 (base 2) in base 9?
-32755
Convert 85b (base 15) to base 7.
5333
Convert -303403 (base 5) to base 7.
-40504
What is -7383 (base 12) in base 14?
-485d
Convert -13088 (base 12) to base 11.
-18609
Convert 4522 (base 12) to base 3.
101111122
300611 (base 7) to base 8
143043
What is 2212011011 (base 3) in base 13?
1c7a7
Convert 101111101 (base 2) to base 6.
1433
What is 2121101 (base 3) in base 10?
1900
What is 30211 (base 10) in base 3?
1112102221
What is 11110000011 (base 2) in base 14?
9b5
520 (base 10) to base 16
208
-42624 (base 9) to base 3
-1102200211
-112 (base 8) to base 14
-54
What is 5045 (base 7) in base 12?
1018
Convert -34424 (base 5) to base 4.
-212321
Convert 4442 (base 6) to base 14.
53c
What is 224a (base 12) in base 5?
110202
Convert -2588 (base 10) to base 2.
-101000011100
-1000000001011 (base 2) to base 16
-100b
Convert 1101220 (base 3) to base 4.
33333
Convert -2143440 (base 5) to base 8.
-110772
648 (base 12) to base 16
398
What is -2441 (base 5) in base 15?
-19b
What is 2001120010 (base 3) in base 15?
c003
Convert 7a35 (base 11) to base 3.
112111022
What is -d11 (base 16) in base 6?
-23253
What is 11753 (base 8) in base 14?
1c03
What is 31637 (base 8) in base 10?
13215
What is 337 (base 15) in base 2?
1011010111
What is -110111111 (base 2) in base 13?
-285
20122101 (base 3) to base 12
2977
Convert 42c3 (base 16) to base 2.
100001011000011
What is 8183 (base 9) in base 15?
1b93
What is -2259 (base 10) in base 15?
-a09
11011013 (base 4) to base 3
1001112122
545031 (base 6) to base 15
d5ad
What is -4116 (base 7) in base 10?
-1434
-23464 (base 7) to base 2
-1011110111001
What is -1935a (base 12) in base 10?
-36790
Convert -20367 (base 8) to base 6.
-103023
What is 6051 (base 7) in base 5?
31334
-12403 (base 5) to base 7
-2565
Convert 7130 (base 11) to base 2.
10010011111111
11011110000 (base 2) to base 11
1375
What is -100110101011 (base 2) in base 11?
-1950
17320 (base 8) to base 15
250d
What is -10010010001100001 (base 2) in base 14?
-1d3c5
What is -104030 (base 5) in base 15?
-112a
What is -47a (base 14) in base 13?
-538
What is -23144 (base 6) in base 2?
-110011101000
What is 6b1 (base 14) in base 4?
110303
-20511 (base 8) to base 2
-10000101001001
What is -1a70 (base 14) in base 9?
-6525
Convert -20101 (base 3) to base 10.
-172
61 (base 15) to base 8
133
Convert -137 (base 11) to base 13.
-c5
16316 (base 11) to base 5
1214012
Convert 314033 (base 5) to base 15.
31b3
What is 5425 (base 8) in base 11?
214a
-43d5 (base 14) to base 3
-121010020
What is -25543 (base 6) in base 7?
-14211
52a (base 13) to base 5
12011
Convert 3775 (base 10) to base 8.
7277
What is 240034 (base 7) in base 6?
532111
What is -600a (base 11) in base 2?
-1111100111100
-4214 (base 6) to base 13
-57a
Convert -25156 (base 7) to base 11.
-4a67
What is -12471 (base 10) in base 3?
-122002220
Convert 2003122 (base 4) to base 7.
33343
-413031 (base 5) to base 8
-32314
What is -130323 (base 5) in base 8?
-11740
What is 23450 (base 6) in base 10?
3414
Convert 33204 (base 5) to base 4.
210000
Convert -3f7 (base 16) to base 10.
-1015
Convert 764 (base 16) to base 3.
2121002
-114424 (base 5) to base 13
-1ca9
1241 (base 5) to base 14
100
What is 2221102 (base 3) in base 16?
860
What is 557 (base 11) in base 4?
22123
-a33 (base 12) to base 3
-2000210
What is -10111220 (base 4) in base 15?
-53e8
-366 (base 13) to base 2
-1001001111
Convert 624 (base 10) to base 11.
518
Convert 1763 (base 12) to base 6.
21003
-2259 (base 12) to base 16
-ee5
What is 30110003 (base 4) in base 5?
3103220
Convert -54c (base 15) to base 16.
-4ad
22100012 (base 3) to base 7
23504
What is -23052 (base 6) in base 15?
-e82
-1098 (base 12) to base 4
-130310
Convert 432 (base 9) to base 10.
353
Convert -113522 (base 6) to base 7.
-40622
Convert -153236 (base 7) to base 15.
-8d2b
-1426 (base 7) to base 12
-3a7
Convert -104 (base 7) to base 13.
-41
-3162 (base 8) to base 3
-2021010
What is -1ba8 (base 12) in base 6?
-23532
d68 (base 16) to base 12
1ba0
Convert 5b7 (base 16) to base 14.
767
What is 36611 (base 8) in base 16?
3d89
What is 1256 (base 11) in base 3?
2020112
Convert -20211 (base 4) to base 5.
-4144
-282 (base 15) to base 6
-2352
What is -111001101001 (base 2) in base 5?
-104224
111011100 (base 2) to base 15
21b
Convert -3884 (base 9) to base 4.
-231133
What is -478 (base 10) in base 12?
-33a
What is -11012 (base 4) in base 7?
-644
11000010101 (base 2) to base 11
1196
What is 2221131 (base 4) in base 7?
43422
What is 128 (base 10) in base 15?
88
What is 7ba (base 16) in base 3?
2201021
What is -122 (base 9) in base 14?
-73
Convert 3a (base 13) to base 7.
100
What is -135546 (base 7) in base 14?
-9696
167c (base 14) to base 2
111110111110
What is 23220 (base 7) in base 2?
1011100110111
What is -5cc6 (base 15) in base 12?
-b529
What is -3aaa (base 12) in base 14?
-2666
What is 2a7 (base 14) in base 12?
38b
What is -10470 (base 9) in base 8?
-15444
What is -2022 (base 14) in base 5?
-134033
What is -6eb3 (base 16) in base 9?
-42777
Convert 5580 (base 12) to base 16.
24f0
What is -113c (base 15) in base 5?
-104112
1414 (base 6) to base 13
226
-3329 (base 10) to base 7
-12464
What is 230 (base 7) in base 11?
a9
What is 2b (base 16) in base 10?
43
What is -ab (base 13) in base 4?
-2031
2049 (base 12) to base 10
3513
127e (base 16) to base 15
1609
Convert 200312 (base 4) to base 13.
c59
Convert -51c (base 16) to base 2.
-10100011100
What is 3101 (base 11) in base 14?
16dd
1131000 (base 4) to base 7
23232
What is 70 (base 13) in base 8?
133
-1542 (base 10) to base 5
-22132
Convert 525 (base 11) to base 5.
10012
-111111 (base 3) to base 15
-194
What is -49e (base 15) in base 14?
-54d
8100 (base 9) to base 16
1719
Convert -2315 (base 6) to base 7.
-1415
Convert -100111000011 (base 2) to base 10.
-2499
10111232 (base 4) to base 2
100010101101110
-30653 (base 9) to base 8
-47371
What is 843a (base 12) in base 3?
201211001
What is 13312 (base 5) in base 7?
3104
143a4 (base 12) to base 2
110111000101100
Convert 62460 (base 7) to base 10.
15330
Convert -16045 (base 10) to base 11.
-11067
What is 7243 (base 8) in base 4?
322203
21000 (base 5) to base 11
1040
Convert -34c1 (base 14) to base 10.
-9185
Convert 3853 (base 9) to base 12.
1803
-a04 (base 16) to base 11
-1a21
Convert -131143 (base 6) to base 3.
-121101100
What is -1100000011 (base 2) in base 7?
-2151
What is -1212 (base 9) in base 5?
-12102
Convert 3164 (base 16) to base 6.
134312
What is 2c9 (base 16) in base 2?
1011001001
What is -2322320 (base 4) in base 15?
-3825
-101110100110 (base 2) to base 13
-1485
Convert 1